 - 3. Let j(t) = -3*t + 2. Let n(d) = 3*j(d) + 2*v(d). Let y(k) = k**2 + 2*k + 1. Let b be y(-2). Give n(b).
-1
Let i(o) = 4*o + 5. Let q(k) = -5*k - 4. Let v(h) = -4*i(h) - 3*q(h). Give v(-8).
0
Suppose 2 = 3*p - 4. Suppose -3*f = -0*c - 3*c, -p*c = -f + 2. Let v be f*((-7)/(-2) - 1). Let z(t) = -t - 6. Calculate z(v).
-1
Let y(r) be the first derivative of 7*r**3/3 + r**2/2 + 3. Determine y(1).
8
Let p(w) be the third derivative of -3*w**5/20 - w**4/12 - w**3/6 + w**2. Let u(f) = f**3 - 2*f**2 - 4*f + 2. Let a be u(3). Calculate p(a).
-8
Suppose 2*f + 2*j - 2 = 0, 5*f + 2*j - 2 = 18. Suppose 2*x + x = f. Let v be x/(-1) + (6 - 2). Let m(g) = -2*g**3 + 3*g**2 - 1. What is m(v)?
-5
Let j(h) be the third derivative of h**6/120 + h**5/60 - 2*h**3/3 - h**2. Let k(f) = -f**2 - 6*f. Let w be k(-6). Suppose w = 5*u - 6*u. Calculate j(u).
-4
Suppose 3*q + 13 = 22. Let l(i) = -i - i**2 - 14 + i - q*i + 10. What is l(-4)?
-8
Let d(w) = -13 + 0*w + 7 + 7 + 2*w. Calculate d(6).
13
Let z be -2*1/2*3. Let w be (-2)/(-6) + (-5)/z. Let s(d) = -1 + d**2 + w + 0*d**2. Determine s(0).
1
Let t(k) = k**2 - 3*k - 1. Suppose 0 = -5*u - 3*j + 1 + 7, 0 = -4*u + j + 20. Suppose u*z = 6*z - 6. Suppose -2*d - 11 = -z*p, 2 - 6 = 4*d. Calculate t(p).
-1
Let o = 0 + -2. Let s(i) be the first derivative of i**5/20 + i**4/6 - i**3/6 - i**2/2 + 3*i - 4. Let c(w) be the first derivative of s(w). Determine c(o).
1
Let i(s) = s. Suppose 0 = r - 0 - 1. Let h(n) = -5*n + 3. Let y(q) = r*h(q) + 6*i(q). Determine y(-6).
-3
Let i(d) = d**2 + 4*d + 1. Let p be i(-4). Let t(z) = 6*z**2 + z. Calculate t(p).
7
Let n(i) = i**3 - 3*i**2 - 3. Suppose -5*p + 0*p + 15 = 0. Give n(p).
-3
Let t(l) be the third derivative of -l**6/720 - l**4/12 - 4*l**2. Let c(f) be the second derivative of t(f). Give c(-4).
4
Let v(i) = -i**3 + 5*i**2 - 2. Let k = 0 + -1. Let n be -4 - (4 + (-1 - 1)). Let y = k - n. Determine v(y).
-2
Let b be 1 + 4*(-3)/(-6). Let v(m) = 1 + 1 - 5*m**2 - m - m**b + 2*m**2. Calculate v(-2).
0
Let c be -2 + 4 - (-1 + 3). Let t(d) = d**2 - d - 6. What is t(c)?
-6
Let n(i) = i**3 - 4*i**2 - 3. Let m = -9 - -13. Let x be n(m). Let j(f) = -2*f. Give j(x).
6
Let c be ((-20)/4)/5*(3 - 0). Let k(q) = -q**3 - q**2 + 2*q - 4. Determine k(c).
8
Suppose -1 + 5 = r. Suppose r*s - 4*n = -20, -1 = 5*s + 3*n - 2*n. Let c(d) = 7*d**2 + d. Determine c(s).
6
Let v(n) be the third derivative of -n**4/24 - 7*n**3/6 + 2*n**2. Let l be v(-6). Let w(b) = -b + 1. Let k(x) = -1. Let u(r) = l*w(r) + k(r). Determine u(-5).
-7
Let m(p) = p. Let y(v) = v**2 - 6*v + 5. Let h be y(6). Suppose 3*k + 3*d = -15, -h*k - 16 - 1 = d. Calculate m(k).
-3
Let r(c) = 4*c**2. Let z(g) = -g**2 + 12*g + 12. Let h = -6 - -19. Let a be z(h). Calculate r(a).
4
Let a(t) = t**3 - 5*t**2 - 6*t - 5. Let u(g) = -g**3 - 9*g**2 - 8*g + 6. Let y be u(-8). Determine a(y).
-5
Let z = -6 + 7. Let b(h) = 4*h**3 + z + 5*h**2 - 2*h**2 - 2*h - 3*h**2 + h**2. Suppose -5*a = 5*d + 20, 2 - 20 = 2*d + 4*a. Calculate b(d).
4
Let s be -1 + 4 + (1 - (-282)/(-72)). Let b(g) be the second derivative of s*g**4 + 5/6*g**3 + 0 - 2*g**2 - 2*g. Calculate b(-6).
2
Let x(t) = 3*t**3 - 4*t**2 + 11. Let f(s) be the first derivative of -s**4/2 + 2*s**3/3 - 6*s - 2. Let u(q) = -5*f(q) - 3*x(q). Give u(-3).
-12
Let w = 9 - 17. Let n be 12/w*4/6. Let c(t) be the third derivative of t**6/40 - t**3/6 - t**2. What is c(n)?
-4
Let f(i) be the first derivative of -i**4/4 - 5*i**3/3 + 3*i**2 - 5*i - 6. Determine f(-6).
-5
Let j(w) = -6*w + 3. Let v(k) = -17*k + 8. Let a(t) = -11*j(t) + 4*v(t). Let n = -4 - -6. Let i be 5/(5/n) + -1. Calculate a(i).
-3
Let f(o) = o**3 + 9*o**2 + 9*o + 11. Let t be f(-8). Suppose t*h + 8 = 7*h. Let g be 1/h*(1 - 7). Let n(c) = c**3 + 3*c**2 - 2*c. Determine n(g).
6
Let p(f) = -f. Let c = 3 - 4. Let d be p(c). Let o(h) = 2*h + 6 + 0 + d. Determine o(-5).
-3
Let p(h) = -21 - h + 9 + 5 + 8. Suppose 0 = 5*c - 43 + 8. Give p(c).
-6
Let u(z) be the first derivative of 1/6*z**3 + 0*z + 5/24*z**4 + 2 + 1/2*z**2. Let o(x) be the second derivative of u(x). Calculate o(1).
6
Let x(t) = -6*t - 4. Let n(v) = -2 - 5*v + 0 + 0 + 2*v. Let f(a) = -11*n(a) + 6*x(a). Calculate f(2).
-8
Let f(z) be the first derivative of -4*z**2 - 19. What is f(1)?
-8
Let k(w) = w + 2. Let m(x) = x**3 + 5*x**2 - 7*x - 6. Let a be m(-6). Let b be 6/(2 + a) + -8. Calculate k(b).
-3
Let w(x) = x**3 - x**2 + x. Let m(r) = 3*r**3 + 2*r**2 + 11*r - 4. Let v(i) = -m(i) + 4*w(i). Suppose 3*z = -0*z - 5*k + 11, -3*z + 4*k + 29 = 0. What is v(z)?
4
Let t(c) be the first derivative of c**3/3 + 4*c**2 - 3*c + 9. What is t(-6)?
-15
Let t(p) be the first derivative of p + 1/4*p**4 - 5/2*p**2 + 1 - p**3. Give t(4).
-3
Let d(g) = -g**2 + 9*g - 5. Let o(m) = -7*m**3 - 2*m**2 - 3*m - 2. Let f be o(-1). Calculate d(f).
13
Let b(q) = q**2 - 6*q - 6. Let s = 16 - 5. Suppose -19 - 6 = -5*v. Suppose -3*r - v*w = 2, -2*w - 21 = -4*r + s. Calculate b(r).
-6
Let h(a) be the second derivative of 2*a**3 - a**2/2 + a. Let o = -10 - -13. Suppose -o*b - 2 = -5*b. Give h(b).
11
Let t(y) = 2 + y - 9 - 4. Let h be 7/1 - (2 - 1). What is t(h)?
-5
Let u = 16 - 19. Let h(x) = x. Give h(u).
-3
Let t(c) = -3*c + 3. Let r = -10 + 15. What is t(r)?
-12
Suppose -3*t = -5*t + 2. Suppose 0*r - t = -r. Let o(w) = -w**3 + 2*w**2 + w - 1. What is o(r)?
1
Let k be (-26)/6 - (-2)/(-3). Let z(i) = -2*i - 7. Let w(j) = 3*j + 9. Let r(l) = -l - 1. Let f(v) = -r(v) - w(v). Let p(t) = -3*f(t) + 4*z(t). Give p(k).
6
Suppose -f + 12 = 4*q + 3, 0 = 4*q - 8. Suppose -4*u + 3*u + f = 0. Let x(w) = -3 + 2*w + u - 3*w**2 + 3. What is x(2)?
-7
Let x(h) = 2*h + 5. Suppose 5*t + a + 13 = 0, -5*t - 5*a = 16 + 9. Let r(o) = o**2 - 4*o. Let j be r(3). Let l = j + t. What is x(l)?
-5
Let n(g) be the second derivative of g**5/20 - 7*g**4/12 + 4*g**3/3 - 5*g**2/2 - 2*g. Give n(6).
7
Let a = -10 + 16. Let j(u) = 5*u**2 + 10*u + 8. Let o(p) = 11*p**2 + 21*p + 16. Let m(s) = -13*j(s) + 6*o(s). Calculate m(a).
4
Let h(c) = 7*c + 5. Let u(s) = -6*s - 5. Let p(i) = -5*h(i) - 6*u(i). Determine p(-4).
1
Let p(c) be the third derivative of -3/2*c**3 + 9*c**2 + 1/60*c**5 + 0 + 0*c + 0*c**4. Calculate p(0).
-9
Let y be -10*(2 - (-10)/(-4)). Suppose 10*j - y*j + q - 7 = 0, -2*j + 3*q = 4. Let i(o) be the first derivative of -o**2/2 + o - 1. Determine i(j).
0
Let i be 6/(-4)*(-16)/12. Let j(z) = 4*z - 3*z**i - 5 + 0*z + 4*z**2. Give j(-4).
-5
Let h(c) = 7*c - 3. Let a(p) = 6*p - 3. Let m(y) = -5*a(y) + 4*h(y). Let n be (-1)/(-1 + 6/9). Let d = n + 0. Calculate m(d).
-3
Let w(r) be the third derivative of r**4/24 + r**3 + 6*r**2. Determine w(-5).
1
Let w(d) be the second derivative of -d**4/12 - d**3/3 - 3*d**2/2 + 2*d. Determine w(-4).
-11
Let i(o) = -o**2 + o + 1. Let r be i(3). Let b = r + 5. Let u(g) be the first derivative of g**4/4 - g**3/3 - g**2/2 - 2*g + 2. Calculate u(b).
-2
Suppose -16 - 10 = -f. Let z = f - 22. Let s(g) = -g**3 + 3*g**2 + 3*g - 1. Give s(z).
-5
Let j(z) = z - 1. Let c(m) = m + 9. Let i be c(-6). What is j(i)?
2
Let o(b) = -17*b + 2. Let n(c) = -6*c + 1. Let g(p) = -11*n(p) + 4*o(p). Calculate g(-7).
11
Suppose -3*s - 14 = h, -5*s - 12 = 2*h + 13. Suppose 0*u - u = -7. Let g(z) = -9*z + 2*z**2 + u*z - 3*z**2 - 4. Give g(s).
-7
Suppose 8 = -3*d + 2. Let z be (-2)/((-5)/((-15)/(-6))). Let o be (d*2)/2*z. Let t(w) = w**3 + w**2. Calculate t(o).
-4
Let k(d) = d**2 - 3*d - 1441 + 1441. What is k(3)?
0
Let t = -14 - -19. Let q(g) = 3*g**2 + 17*g - 12. Let u(j) be the second derivative of -j**4/6 - 3*j**3/2 + 3*j**2 - j. Let o(m) = t*u(m) + 3*q(m). Give o(5).
-1
Let s(b) be the third derivative of b**6/120 - b**5/10 + b**4/6 - b**3/3 + 18*b**2. Calculate s(5).
-7
Suppose 0 = -5*z + z - 20. Let h(t) = t**3 + 4*t**2 - 5*t + 2. Let q be h(z). Let c(v) = -v**2. Calculate c(q).
-4
Let i(c) be the first derivative of -3*c**2/2 + c - 4. Let w be 3*((-1)/3)/1. Let s be w/3 - 7/(-3). What is i(s)?
-5
Let o(q) = -9*q**2 + 19*q - 15. Let n(w) = 5*w**2 - 10*w + 8. Suppose 0 = d + 4, 5*d - 18 = 5*z - 8. Let s(t) = z*o(t) - 11*n(t). Calculate s(-4).
2
Let q(o) = 7*o. Suppose -5*g + 0*g + 15 = 0. Let x = g + -4. Calculate q(x).
-7
Let x(g) = 8*g - 2*g + 3 - 2. Suppose -j + 10 = 4*j. Suppose -j*h + 4*h - 8 = 0, c = -5*h + 21. What is x(c)?
7
Su